*j - q. What are the prime factors of m?
2, 173
Let h(c) = c + 38. Let g be h(-12). Suppose 1008 = g*o - 23*o. List the prime factors of o.
2, 3, 7
Let x(y) = 2*y + 19. Let b be x(-8). Suppose -b*i - 764 = i. Let a = -132 - i. What are the prime factors of a?
59
Let k = -4054 + 6406. Let j = k + -422. What are the prime factors of j?
2, 5, 193
Let f = -56 + 54. Let l be f*1/2 - 5. List the prime factors of l/(-36)*28*174/4.
7, 29
Suppose 64 - 56 = -4*w. What are the prime factors of (11 - 16) + w + 58?
3, 17
Let d(v) = v**3 + 23*v**2 - 11*v + 487. What are the prime factors of d(26)?
5, 31, 43
Suppose -4*i + 84 = -3*i. What are the prime factors of (27600/i - -5) + 4/(-7)?
3, 37
Let b = -36964 - -81509. List the prime factors of b.
5, 59, 151
Let u = 242 + -238. Suppose 11*p = 6*p - 15, 3*p - 2439 = -u*x. What are the prime factors of x?
2, 3, 17
Suppose 3*t - 144 = -99. Let u(b) = 98*b - 174. List the prime factors of u(t).
2, 3
Let l = 52260 + -26938. What are the prime factors of l?
2, 11, 1151
Suppose 2*v - 4651 = -4455. List the prime factors of v.
2, 7
List the prime factors of (7 + -5 - -2)*12718/8.
6359
Suppose -4*o + u + 86799 = 0, 7*u = 283*o - 281*o - 43419. What are the prime factors of o?
3, 2411
Let t be (-39)/((-3)/1) - -5. Suppose -22*v + 12 = -t*v. List the prime factors of (-1)/v*(-12 + 9)*282.
2, 3, 47
List the prime factors of 26393 + -49*38/(-133).
26407
Let r be (-1)/(-2) + ((-20820)/8)/5. Let a = r + 861. List the prime factors of a.
11, 31
Let d(m) = m**2 - 25*m + 63. Let z be d(40). Suppose r = s + z, -3*r - 51*s = -52*s - 1985. List the prime factors of r.
661
Let x(d) = -2*d + 6. Let b be (3/(-21))/(4/(-28)). Let a be b/2 - (-10)/(-4). List the prime factors of x(a).
2, 5
Let x(u) = u**2 + 6*u - 12. Let g be x(-29). Suppose -3*w + g = -1478. What are the prime factors of w?
3, 79
Suppose 206376 = 7*s + 2*s - s. List the prime factors of s.
3, 8599
Let k(m) = 61*m**2 + 10*m + 367. What are the prime factors of k(21)?
2, 11, 1249
Let g(h) = -49*h**3 + 13*h**2 + 64*h + 1. List the prime factors of g(-8).
25409
Let y(r) = -14*r - 83. Let k be y(-22). Suppose 4*m - 5*o = k + 330, 4 = 4*o. List the prime factors of m.
2, 5, 7
Suppose -3*x = 3*r + 24, 0*x + 3*r - 32 = 4*x. Let k be (0*2/x - 3) + 8. Suppose -5*t = 4*p - 437, 492 = k*p + 2*t - 50. List the prime factors of p.
2, 3
Let y = -939 + 942. Suppose 0 = -y*u - 5*u + 5672. What are the prime factors of u?
709
Suppose -5*z - 2 + 17 = 0. Let g(d) = -2*d + d**z + d + 49 - d**2 + 40. List the prime factors of g(0).
89
Let x(g) = -g**3 + 9*g**2 + 21*g + 20. Let b be x(10). What are the prime factors of b/52*(-32)/(-5)?
2
Suppose -8975*o - 290868 = -8981*o. List the prime factors of o.
2, 24239
Let b(t) = 60*t**2 - 36*t - 93. What are the prime factors of b(-8)?
3, 5, 269
Suppose 18*n - 27 = 9*n. Suppose 5*t = -4*l + 25, 2*t - t = -n*l + 5. Suppose l = 3*k - 3, -2*h = h + k - 133. What are the prime factors of h?
2, 11
Suppose 17 = 2*c + 1. Suppose -t + 2157 = c*a - 3*a, 5*t - 10 = 0. List the prime factors of a.
431
Suppose j + 5*p - 1176 = 4322, 3*p + 6 = 0. List the prime factors of j.
2, 3, 17
Suppose 4*f = -0*v + v - 82, -3*f + 3*v - 57 = 0. Suppose -5*r - 185 = -10*r. Let q = r + f. List the prime factors of q.
2
Let u be -2*(-4 - -2) + (2 - 3). Suppose o - u + 1 = 0. Suppose -87 = -t + o*a + 3*a, 79 = t - a. List the prime factors of t.
7, 11
Suppose 0 = 33*r + 1282 + 1589. Let v = 678 + r. List the prime factors of v.
3, 197
Suppose 16*d - 453011 = -7*d + 350287. List the prime factors of d.
2, 3, 5821
Let y be (5/(-7))/(-5) + 68/14. Suppose -4*v + p = -13, -2*v + y*p - 10 = -7*v. Suppose 410 = 5*w - 5*f, v*w + f - 3*f = 250. List the prime factors of w.
2, 43
Suppose -3*q + 70 + 2 = 0. Suppose -h = 3*c + 46, 3*h - q - 30 = 3*c. Let z(g) = g**2 + 12*g - 19. What are the prime factors of z(c)?
3, 5
Let b(h) = -h**3 + 18*h**2 - 231*h + 1951. What are the prime factors of b(8)?
743
Suppose -2*h - 2 = 2. Let c be 3*6/(-9) - h. Suppose c = 31*x - 30*x - 65. List the prime factors of x.
5, 13
Let w(v) = 18*v**2 + 35*v + 6. Let l be 588/196 - (-1)/(1/(-6)). What are the prime factors of w(l)?
3, 7
Let t = -63 - -79. Let a(s) be the second derivative of s**4/4 - 37*s**3/6 - 35*s**2/2 - 13*s. List the prime factors of a(t).
3, 47
Let z be 8/((-6)/9*-3). Let u(j) = -3. Let m(a) = 2*a - 5. Let v(h) = m(h) - 2*u(h). List the prime factors of v(z).
3
Suppose 31*t - 46255 + 9267 = -315. What are the prime factors of t?
7, 13
Let t = -186882 - -274336. What are the prime factors of t?
2, 73, 599
Suppose -9*r + 12*r = -240. Let x = 71 + r. What are the prime factors of (-12*x/10)/((-4)/(-30))?
3
Suppose 12 = -44*b + 43*b. What are the prime factors of (-1)/(20/b) + 6156/15?
3, 137
Suppose 0 = x - 3*c + 9, 0 = -x - 4*c + 10 + 9. Suppose 18*o - 4845 = x*o. What are the prime factors of o?
17, 19
Let j be (9 + (-90)/(-6))*191/4. Suppose 0*h - 768 = -2*h + 2*s, s + j = 3*h. What are the prime factors of h?
3, 127
Let c(p) = 71*p**3 + p**2 + 4*p + 14. Let k be c(-2). List the prime factors of 8/10*-5 - k.
2, 277
Let q be -20*2/(-12)*36/20. Let w be -3*2/q - -1. Suppose w*t = 4*p - t - 489, -365 = -3*p - t. What are the prime factors of p?
2, 61
Let y(q) be the first derivative of -q**4/2 - 2*q**3 + 15*q**2/2 + 95*q + 6. List the prime factors of y(-9).
2, 233
Suppose -2*l + i + 2735 = 0, -2*l - 8*i + 2732 = -12*i. List the prime factors of l.
2, 3, 19
Let c = 7281 + 10633. List the prime factors of c.
2, 13, 53
Suppose -34320*p + 97762 = -34306*p. What are the prime factors of p?
6983
Let k(w) = w**2 - w. Let h(j) = -14*j**3 + 2*j - 2. Let g(x) = -h(x) + k(x). Suppose -7 = 4*l - 15. What are the prime factors of g(l)?
2, 7
Let n(o) be the third derivative of -o**4/8 - o**3/3 + o**2. Let h be n(1). What are the prime factors of (-1 + 23/h)*105/(-6)?
2, 7
Suppose -13*c + 48*c = -23*c + 382162. What are the prime factors of c?
11, 599
Let m = 217 - 187. Suppose m*w - 20314 + 7744 = 0. What are the prime factors of w?
419
Suppose 5*b - 1 = -4*k, 4*k + 2*b - 2 = 2*k. Suppose -k*d + 574 = 5*h, -2*h - d = -0*h - 232. What are the prime factors of h?
2, 59
Suppose -1040 = w - 4277. List the prime factors of w.
3, 13, 83
Let m(s) = -427*s**3 - 5*s**2 + 3*s + 2. Let f be m(1). Let o = -247 - f. What are the prime factors of o?
2, 3, 5
Suppose -575437 - 254663 = -75*y. List the prime factors of y.
2, 2767
Let c = 51750 + -35186. What are the prime factors of c?
2, 41, 101
Let t(d) be the second derivative of 67*d**6/360 - d**5/120 + d**4/4 + 20*d. Let u(x) be the third derivative of t(x). What are the prime factors of u(1)?
7, 19
Let s = -118 + 246. What are the prime factors of s + (1/(-2) - 15/(-6))?
2, 5, 13
Suppose -3*x - x - 52 = 2*k, k + 54 = -4*x. Let t = 17 + x. List the prime factors of (-6)/t - (-1 - -64)/(-3).
19
Suppose 520*o - 3602728 - 9087168 = -172*o. What are the prime factors of o?
2, 53, 173
Let d = 34 + -32. Suppose -2*s = 0, -5*i = -d*i + 4*s + 9. Let m(b) = -60*b - 3. What are the prime factors of m(i)?
3, 59
Let f be 7 + 6 + 157 + 5. Suppose -4*v + 5*a = -2*v - 71, 4*v + a = f. List the prime factors of v.
43
Let l = 252 - -72. Let w = 413 - l. List the prime factors of w.
89
Let g(u) = -17328*u - 10495. What are the prime factors of g(-4)?
11, 5347
Let q = 8605 + 16033. What are the prime factors of q?
2, 97, 127
Let f(a) = 5*a + 1. Let s(b) = -84*b + 54. Let h(t) = -6*f(t) + 2*s(t). List the prime factors of h(-5).
2, 3, 7, 13
Let m be -39*(-1592)/96 - 6/8. Suppose m*u - 641*u - 515 = 0. List the prime factors of u.
103
Let v(q) = 13*q**2 - 6*q + 5. Let p be v(1). Suppose b + 594 = p*b. What are the prime factors of b?
2, 3
Suppose 3*a + 77 - 219 = -5*c, -a - 4*c + 38 = 0. What are the prime factors of (-3 - a)*(-10 - -4 - -3)?
3, 19
Suppose -9*m + 6*m + 27 = 0. Suppose m*c = 14*c - 570. Let f = 198 - c. What are the prime factors of f?
2, 3, 7
Suppose 9 = -t + 3*r, -68*t + 35 = -63*t + r. What are the prime factors of t?
2, 3
Let w(k) = k**3 - 4*k**2 - k - 18. Let s be w(7). Let d = 438 - s. List the prime factors of d.
2, 79
Suppose -92*u + 5*x = -91*u - 85606, -5*x = -2*u + 171187. List the prime factors of u.
3, 37, 257
Suppose 20 = -4*j, 5*y - 3*j - j + 825 = 0. 